
What is the remainder when 181319 is divided by 1511?
1510
What is the remainder when 430 is divided by 48?
46
Calculate the remainder when 7551 is divided by 87.
69
What is the remainder when 7780 is divided by 150?
130
What is the remainder when 76058 is divided by 57?
20
Calculate the remainder when 1451560 is divided by 119.
117
What is the remainder when 77949 is divided by 112?
109
Calculate the remainder when 3354 is divided by 55.
54
Calculate the remainder when 18202 is divided by 9088.
26
Calculate the remainder when 102048 is divided by 391.
388
What is the remainder when 3465 is divided by 692?
5
Calculate the remainder when 328743 is divided by 377.
376
What is the remainder when 52266 is divided by 1537?
8
Calculate the remainder when 957 is divided by 165.
132
Calculate the remainder when 262206 is divided by 29.
17
What is the remainder when 20231 is divided by 3370?
11
Calculate the remainder when 2896 is divided by 251.
135
What is the remainder when 752 is divided by 85?
72
What is the remainder when 12592 is divided by 168?
160
Calculate the remainder when 18662 is divided by 719.
687
Calculate the remainder when 31005 is divided by 165.
150
What is the remainder when 295 is divided by 88?
31
What is the remainder when 25089 is divided by 226?
3
What is the remainder when 8965 is divided by 232?
149
What is the remainder when 13215 is divided by 127?
7
Calculate the remainder when 11033 is divided by 96.
89
What is the remainder when 1892964 is divided by 88?
84
What is the remainder when 293375 is divided by 94?
1
Calculate the remainder when 46564 is divided by 575.
564
What is the remainder when 12887 is divided by 2143?
29
Calculate the remainder when 1707984 is divided by 266.
264
What is the remainder when 965 is divided by 956?
9
What is the remainder when 2371 is divided by 88?
83
Calculate the remainder when 831 is divided by 604.
227
What is the remainder when 91824 is divided by 91?
5
Calculate the remainder when 463 is divided by 299.
164
Calculate the remainder when 31079 is divided by 120.
119
Calculate the remainder when 123071 is divided by 606.
53
What is the remainder when 15078 is divided by 30?
18
Calculate the remainder when 28732 is divided by 95.
42
Calculate the remainder when 969 is divided by 137.
10
Calculate the remainder when 167678 is divided by 256.
254
Calculate the remainder when 68000 is divided by 1193.
1192
What is the remainder when 24803 is divided by 2754?
17
Calculate the remainder when 11941 is divided by 303.
124
Calculate the remainder when 9285 is divided by 3.
0
What is the remainder when 4060 is divided by 1238?
346
What is the remainder when 38902 is divided by 79?
34
What is the remainder when 288944 is divided by 11?
7
What is the remainder when 1011 is divided by 17?
8
Calculate the remainder when 245381 is divided by 57.
53
Calculate the remainder when 4429 is divided by 170.
9
Calculate the remainder when 411163 is divided by 118.
51
What is the remainder when 159475 is divided by 147?
127
What is the remainder when 115130 is divided by 538?
536
What is the remainder when 634 is divided by 534?
100
Calculate the remainder when 11130062 is divided by 205.
202
Calculate the remainder when 24099 is divided by 184.
179
Calculate the remainder when 347 is divided by 108.
23
Calculate the remainder when 446093 is divided by 28.
25
Calculate the remainder when 4398 is divided by 400.
398
What is the remainder when 7624 is divided by 109?
103
What is the remainder when 22807 is divided by 423?
388
Calculate the remainder when 16689 is divided by 5559.
12
Calculate the remainder when 132 is divided by 26.
2
Calculate the remainder when 881 is divided by 847.
34
What is the remainder when 11876 is divided by 213?
161
Calculate the remainder when 14707 is divided by 283.
274
Calculate the remainder when 857071 is divided by 274.
273
What is the remainder when 23539 is divided by 93?
10
What is the remainder when 411 is divided by 337?
74
Calculate the remainder when 1398218 is divided by 145.
128
What is the remainder when 6222 is divided by 6111?
111
What is the remainder when 11021 is divided by 269?
261
Calculate the remainder when 20037 is divided by 58.
27
Calculate the remainder when 936 is divided by 290.
66
What is the remainder when 66367 is divided by 19?
0
What is the remainder when 1360834 is divided by 520?
514
What is the remainder when 140825 is divided by 39?
35
What is the remainder when 8851 is divided by 72?
67
What is the remainder when 424313 is divided by 188?
185
What is the remainder when 311 is divided by 243?
68
Calculate the remainder when 802614 is divided by 11.
10
What is the remainder when 23389 is divided by 23?
21
What is the remainder when 21819 is divided by 10368?
1083
What is the remainder when 260137 is divided by 467?
18
Calculate the remainder when 38074 is divided by 184.
170
What is the remainder when 4362 is divided by 107?
82
What is the remainder when 104646 is divided by 34?
28
Calculate the remainder when 9231 is divided by 79.
67
What is the remainder when 12865 is divided by 306?
13
What is the remainder when 3610 is divided by 3?
1
Calculate the remainder when 6175 is divided by 721.
407
What is the remainder when 4913 is divided by 2277?
359
Calculate the remainder when 417495 is divided by 139159.
18
Calculate the remainder when 90747 is divided by 173.
95
What is the remainder when 21763 is divided by 518?
7
Calculate the remainder when 279381 is divided by 42.
39
What is the remainder when 252309 is divided by 208?
5
Calculate the remainder when 4847 is divided by 17.
2
What is the remainder when 5724 is divided by 403?
82
Calculate the remainder when 20081 is divided by 4015.
6
What is the remainder when 9364 is divided by 111?
40
Calculate the remainder when 407114 is divided by 135700.
14
What is the remainder when 74554 is divided by 14910?
4
Calculate the remainder when 9795 is divided by 78.
45
Calculate the remainder when 17859 is divided by 2216.
131
What is the remainder when 2034 is divided by 23?
10
Calculate the remainder when 24357 is divided by 200.
157
Calculate the remainder when 3437 is divided by 191.
190
Calculate the remainder when 266347 is divided by 70.
67
What is the remainder when 279 is divided by 160?
119
What is the remainder when 57149 is divided by 7143?
5
Calculate the remainder when 63124 is divided by 126.
124
What is the remainder when 246164 is divided by 905?
4
What is the remainder when 276919 is divided by 161?
160
Calculate the remainder when 26120 is divided by 37.
35
What is the remainder when 734 is divided by 601?
133
What is the remainder when 7411 is divided by 49?
12
What is the remainder when 919 is divided by 873?
46
Calculate the remainder when 21292 is divided by 387.
7
What is the remainder when 3310 is divided by 3018?
292
Calculate the remainder when 3517 is divided by 1722.
73
What is the remainder when 140026 is divided by 54?
4
What is the remainder when 11550 is divided by 2308?
10
What is the remainder when 460 is divided by 402?
58
Calculate the remainder when 3772 is divided by 754.
2
Calculate the remainder when 111756 is divided by 37249.
9
Calculate the remainder when 4050 is divided by 49.
32
What is the remainder when 1838 is divided by 642?
554
Calculate the remainder when 87910 is divided by 164.
6
What is the remainder when 139760 is divided by 10750?
10
What is the remainder when 853 is divided by 170?
3
Calculate the remainder when 1212451 is divided by 111.
109
What is the remainder when 143314 is divided by 413?
3
Calculate the remainder when 114557 is divided by 28634.
21
What is the remainder when 646 is divided by 230?
186
Calculate the remainder when 21767 is divided by 21765.
2
What is the remainder when 4022 is divided by 672?
662
What is the remainder when 7685 is divided by 45?
35
Calculate the remainder when 776 is divided by 775.
1
Calculate the remainder when 2464 is divided by 2439.
25
Calculate the remainder when 4656 is divided by 521.
488
Calculate the remainder when 20356 is divided by 1850.
6
What is the remainder when 2325 is divided by 43?
3
Calculate the remainder when 335766 is divided by 65.
41
What is the remainder when 287 is divi